digit of 1057?
5
What is the tens digit of 18250?
5
What is the hundreds digit of 947?
9
What is the tens digit of 1641?
4
What is the tens digit of 2519?
1
What is the thousands digit of 9149?
9
What is the tens digit of 804?
0
What is the hundreds digit of 43251?
2
What is the units digit of 18369?
9
What is the tens digit of 4017?
1
What is the units digit of 1045?
5
What is the thousands digit of 1175?
1
What is the tens digit of 10?
1
What is the tens digit of 900?
0
What is the units digit of 5033?
3
What is the hundreds digit of 8427?
4
What is the hundreds digit of 46469?
4
What is the units digit of 10468?
8
What is the thousands digit of 2034?
2
What is the thousands digit of 3274?
3
What is the tens digit of 2874?
7
What is the tens digit of 43600?
0
What is the hundreds digit of 198766?
7
What is the units digit of 883?
3
What is the hundreds digit of 1472?
4
What is the units digit of 12609?
9
What is the units digit of 77526?
6
What is the tens digit of 5298?
9
What is the ten thousands digit of 23696?
2
What is the units digit of 17142?
2
What is the thousands digit of 1306?
1
What is the tens digit of 845?
4
What is the ten thousands digit of 120472?
2
What is the hundreds digit of 12511?
5
What is the hundreds digit of 21855?
8
What is the tens digit of 8746?
4
What is the hundreds digit of 17705?
7
What is the hundreds digit of 764?
7
What is the hundreds digit of 44845?
8
What is the units digit of 1326?
6
What is the tens digit of 389?
8
What is the tens digit of 55822?
2
What is the hundreds digit of 869?
8
What is the hundreds digit of 105430?
4
What is the units digit of 23149?
9
What is the ten thousands digit of 51838?
5
What is the ten thousands digit of 21485?
2
What is the ten thousands digit of 41657?
4
What is the thousands digit of 1199?
1
What is the tens digit of 133536?
3
What is the ten thousands digit of 55832?
5
What is the hundreds digit of 697?
6
What is the tens digit of 44506?
0
What is the units digit of 119327?
7
What is the tens digit of 9076?
7
What is the units digit of 4365?
5
What is the units digit of 2094?
4
What is the tens digit of 63548?
4
What is the units digit of 110644?
4
What is the units digit of 4322?
2
What is the units digit of 8538?
8
What is the tens digit of 1245?
4
What is the thousands digit of 10632?
0
What is the tens digit of 14180?
8
What is the tens digit of 823?
2
What is the hundreds digit of 8815?
8
What is the units digit of 24409?
9
What is the units digit of 134?
4
What is the thousands digit of 8281?
8
What is the hundreds digit of 395?
3
What is the tens digit of 940?
4
What is the thousands digit of 8088?
8
What is the units digit of 6371?
1
What is the tens digit of 2553?
5
What is the units digit of 795?
5
What is the units digit of 55496?
6
What is the thousands digit of 6171?
6
What is the hundreds digit of 2602?
6
What is the hundreds digit of 10434?
4
What is the tens digit of 347?
4
What is the ten thousands digit of 90022?
9
What is the hundreds digit of 1609?
6
What is the hundreds digit of 4223?
2
What is the hundreds digit of 30688?
6
What is the ten thousands digit of 56515?
5
What is the units digit of 835?
5
What is the tens digit of 18938?
3
What is the tens digit of 160537?
3
What is the units digit of 2859?
9
What is the hundreds digit of 5037?
0
What is the thousands digit of 5734?
5
What is the ten thousands digit of 35191?
3
What is the units digit of 160968?
8
What is the tens digit of 26014?
1
What is the hundreds digit of 5394?
3
What is the hundreds digit of 4233?
2
What is the thousands digit of 33549?
3
What is the tens digit of 2116?
1
What is the units digit of 1090?
0
What is the units digit of 90?
0
What is the units digit of 27225?
5
What is the thousands digit of 43577?
3
What is the thousands digit of 3692?
3
What is the hundred thousands digit of 120590?
1
What is the tens digit of 907?
0
What is the tens digit of 4028?
2
What is the hundreds digit of 30790?
7
What is the hundreds digit of 9646?
6
What is the units digit of 52973?
3
What is the tens digit of 53636?
3
What is the hundreds digit of 4232?
2
What is the tens digit of 7334?
3
What is the hundreds digit of 8232?
2
What is the tens digit of 325?
2
What is the ten thousands digit of 84108?
8
What is the units digit of 428?
8
What is the thousands digit of 1333?
1
What is the ten thousands digit of 96228?
9
What is the hundreds digit of 397?
3
What is the hundreds digit of 512?
5
What is the thousands digit of 28543?
8
What is the hundreds digit of 145270?
2
What is the units digit of 289?
9
What is the hundreds digit of 11470?
4
What is the thousands digit of 53659?
3
What is the hundreds digit of 163?
1
What is the units digit of 944?
4
What is the hundreds digit of 2694?
6
What is the thousands digit of 6194?
6
What is the tens digit of 539?
3
What is the thousands digit of 9626?
9
What is the ten thousands digit of 37686?
3
What is the tens digit of 1623?
2
What is the hundreds digit of 10340?
3
What is the thousands digit of 2679?
2
What is the units digit of 643?
3
What is the units digit of 7950?
0
What is the units digit of 53992?
2
What is the tens digit of 435?
3
What is the units digit of 941?
1
What is the thousands digit of 29212?
9
What is the hundreds digit of 4404?
4
What is the hundreds digit of 279?
2
What is the hundreds digit of 21007?
0
What is the hundreds digit of 4201?
2
What is the units digit of 802?
2
What is the units digit of 2005?
5
What is the hundreds digit of 801?
8
What is the hundreds digit of 3541?
5
What is the units digit of 938?
8
What is the thousands digit of 20973?
0
What is the thousands digit of 19765?
9
What is the tens digit of 2708?
0
What is the hundreds digit of 4862?
8
What is the hundreds digit of 5405?
4
What is the tens digit of 27226?
2
What is the units digit of 29741?
1
What is the units digit of 152739?
9
What is the tens digit of 3509?
0
What is the ten thousands digit of 16792?
1
What is the hundreds digit of 11644?
6
What is the hundreds digit of 1462?
4
What is the tens digit of 6685?
8
What is the tens digit of 2131?
3
What is the thousands digit of 25151?
5
What is the units digit of 3667?
7
What is the thousands digit of 11932?
1
What is the tens digit of 40?
4
What is the units digit of 151915?
5
What is the hundreds digit of 937?
9
What is the thousands digit of 4146?
4
What is the tens digit of 376?
7
What is the tens digit of 518?
1
What is the thousands digit of 33610?
3
What is the units digit of 352?
2
What is the tens digit of 994?
9
What is the ten thousands digit of 30218?
3
What is the units digit of 645?
5
What is the tens digit of 2887?
8
What is the thousands digit of 2409?
2
What is the thousands digit of 3299?
3
What is the hundreds digit of 6136?
1
What is the tens digit of 1281?
8
What is the units digit of 8572?
2
What is the units digit of 19579?
9
What is the hundreds digit of 98668?
6
What is the units digit of 26159?
9
What is the hundreds digit of 2975?
9
What is the thousands digit of 2203?
2
What is the thousands digit of 1186?
1
What is the tens digit of 1741?
4
What is the hundreds digit of 636?
6
What is the ten thousands digit of 79881?
7
What is the units digit of 75474?
4
What is the hundreds digit of 224?
2
What is the units digit of 4992?
2
What is the tens digit of 600?
0
What is the hundreds digit of 2004?
0
What is the units digit of 4294?
4
What is the units digit of 56767?
7
What is the thousands digit of 1240?
1
What is the tens digit of 2100?
0
What is the thousands digit of 6854?
6
What is the units digit of 28684?
4
What is the ten thousands digit of 12116?
1
What is the units digit of 350?
0
What is the tens digit of 83009?
0
What is the thousands digit of 2830?
2
What is the hundreds digit of 187?
1
What is the thousands digit of 10903?
0
What is the thousands digit of 64316?
4
What is the hundreds digit of 12447?
4
What is the units digit of 116?
6
What is the tens digit of 193?
9
What is the hundreds digit of 9669?
6
What is the tens digit of 983?
8
What is the tens digit of 10623?
2
What is the hundreds digit of 5279?
2
What is the units digit of 259?
9
What is the units digit of 67?
7
What is the tens digit of 17457?
5
What is the hundreds digit of 330?
3
W